7 + 149. What is the hundreds digit of a?
4
Suppose -3*c - 3 - 3 = 0. Let u be c + (-9)/((-27)/84). Let f = 59 - u. What is the tens digit of f?
3
Suppose 4*x - 64 = 2*i, i = 5*x - 2*i - 80. What is the tens digit of (-2388)/x*8/(-6)?
9
Suppose 4*t - 8574 = -2*g, -3*g = 4*t + t - 10717. What is the hundreds digit of (-4)/(-3) - t/(-12)?
1
What is the tens digit of ((-9)/(-5) + -2)*641535/(-57)?
5
Suppose 6*c + w - 264 = 2*c, -4*w - 309 = -5*c. Suppose 2*v - 57 - c = 0. What is the units digit of v?
1
What is the thousands digit of (-6 - 137312/(-40)) + (-12)/(-10)?
3
Let o(z) = 17*z + 5. Let x be o(-3). Let u = x - -150. What is the tens digit of u?
0
Let x(q) = 2*q**2 + 10*q + 8. Let n = 4 + 17. Suppose 4*o = o - n. What is the tens digit of x(o)?
3
Let b be (16/15 - 12/30)*-9. What is the units digit of (11 + b - 0)*(-382)/(-10)?
1
Suppose 3 = -j + 8. Suppose g + 179 = 4*s, j = -2*s + g + 92. What is the tens digit of s?
4
Let h = -1494 - -2428. What is the units digit of h?
4
Let d be ((0 - 1)*-1)/(21/84). What is the tens digit of 54*-5*d/(-30)?
3
Let v = -731 - -121. Let k be (v/3)/(8/(-12)). Suppose -4*c - 117 = -k. What is the tens digit of c?
4
Let l be 48/(-4 - -8)*4. Let c = -40 + l. What is the units digit of c?
8
What is the hundreds digit of 1/3*(-14 + 20) + 772?
7
Let k = 26 + -43. Let c = k - -22. Suppose 5*m - 140 = -3*w, -m + 5*w - 112 = -c*m. What is the tens digit of m?
2
Let w(t) = 4*t**2 + 15*t - 80. What is the hundreds digit of w(26)?
0
Let g(c) = 354*c - 5. What is the tens digit of g(2)?
0
Let h be 1 - -1 - -2*320. What is the units digit of h/9 - (-4)/6?
2
Let a = 14 - 0. Suppose 17*b - 255 = a*b. What is the units digit of b?
5
Suppose 5*o - 3596 = -3*r, 4*r + 5*o - 5407 = -614. What is the hundreds digit of r?
1
Suppose 3*j - 586 = 6539. What is the tens digit of j?
7
Let v(a) = 4*a - 31 + 2*a + 36. Let j be (-54)/(-15) + 4/10. What is the tens digit of v(j)?
2
Let u = 14 + -20. What is the tens digit of (-184)/u + (-8)/12?
3
Let b = 21 + -35. Let g = b - 5. What is the units digit of (1 - 6/3)*g?
9
Let g(r) be the second derivative of -r**4/12 + 5*r**3/6 - r**2 - 2*r. Let w be g(4). Suppose 16 = w*t - 26. What is the tens digit of t?
2
Let w(q) = 28*q - 18 - 85*q - 20*q. What is the units digit of w(-2)?
6
Let t(g) = -23*g**3 + g - 1. Let q be t(1). Let y = q + 46. What is the units digit of y?
3
Let p = -80 - -129. Let g be ((-8)/(-5))/((-4)/(-290)). Suppose 0 = -4*i + 4*q + 92, -4*q + p = -3*i + g. What is the units digit of i?
5
Let m(s) = -2*s + 14. Let g be m(7). Suppose g = -4*i + 83 + 49. What is the tens digit of i?
3
Suppose v = 2*q - 9, -5*v - 4*q + 3*q - 12 = 0. What is the units digit of (-1496)/(-22) - (-1 + v)?
2
Let g(d) be the second derivative of 0*d**4 + 1/6*d**3 - 3*d + 0 + 1/2*d**2 - 4/5*d**5. What is the units digit of g(-1)?
6
Suppose 9*i = 11*i - 350. Let k = 283 - i. Suppose 8*u - 516 + k = 0. What is the units digit of u?
1
Suppose -2 = f, 2*x + 2*f + 8 = -2*f. Let b(l) = l**2 + 2*l + 18. What is the tens digit of b(x)?
1
Let l = -32 - -37. Suppose c + 324 = l*c. What is the units digit of c?
1
Let c(a) = 8*a**3 + a**2. Suppose 12 = 2*j - 4*h, -4*j - h + 0 + 6 = 0. What is the units digit of c(j)?
8
What is the units digit of 527 - (-7 - 4*9/(-12))?
1
Let h(k) = -k**3 + 16*k**2 - 14*k - 9. Let p be h(15). Let s = 12 - p. What is the units digit of s?
6
Let k(p) = 2*p**2 + 6*p + 11. Let a(d) = 5*d + 3*d**2 + 4*d + 3 - 2 + 16. Let q(y) = -5*a(y) + 8*k(y). What is the units digit of q(-4)?
7
Let p = 751 + -37. What is the tens digit of p?
1
Let h = -1649 - -2530. What is the tens digit of h?
8
Let j be (-148)/(-8) + 1/(-2). What is the tens digit of j/(-9) - (0 + -27)?
2
Suppose 1089 = 4*c - 1751. What is the tens digit of c?
1
What is the hundreds digit of 464/((-221)/(-338) - (-6)/(-39))?
9
Suppose 0 = 4*t + x - 9, -6 = t + 3*x. Suppose t*h - 3 = 0, w = 2*h - 4*h - 19. What is the tens digit of (3/(-1))/(w/91)?
1
Let j = -131 - -212. Let c = j - 48. What is the tens digit of c?
3
What is the hundreds digit of 147/42*5766/21?
9
Let b(c) = c**2 + 12*c + 24. Let d = 39 - 49. What is the units digit of b(d)?
4
Let n = 1 - 7. Let r be (-1)/7 + n/(-42). Suppose r = 5*l - 107 - 13. What is the tens digit of l?
2
Suppose 5*n + 3*h + 2*h - 15 = 0, -4*h - 28 = -4*n. Suppose n*t - 249 + 79 = 0. What is the units digit of t?
4
Suppose 0*j + 5*j = -1635. Let f = j + 467. Suppose 2*s - 244 = -5*z, 0*s + 2*s = 3*z - f. What is the tens digit of z?
4
Let i be 3/(-12) + (-11)/4. Let b = 19 - i. Let g = -2 + b. What is the units digit of g?
0
Let a(c) = -c**3 - 4*c**2 + 19*c - 17. Let s be a(-7). What is the units digit of 52 + -1*s*(-3 + 4)?
5
Suppose 780*q + 3484 = 784*q. What is the hundreds digit of q?
8
What is the tens digit of (2 - -871)*27/81?
9
Suppose 0 = -10*m + 9*m + 107. Suppose m = j + 26. What is the tens digit of j?
8
Suppose 5*k = 0, -3*j + k + 28 = -7*j. Let o = j + 11. Suppose 4*h + 2*w = 66, -3*h = 2*h + o*w - 87. What is the units digit of h?
5
Let g(v) = v**3 - 2*v**2 - 9*v - 24. What is the hundreds digit of g(8)?
2
Let b = 320 + 465. What is the tens digit of b?
8
Let v(w) = -w**3 + 14*w**2 + 18*w - 22. What is the hundreds digit of v(14)?
2
Let j(b) = b**3 + 5*b**2 - 6*b + 2. Let q(c) = -c + 3. Let k be q(-4). Let d be (-46)/k + (-4)/(-7). What is the units digit of j(d)?
2
Let j be -11*1 - (-50 - -50). Suppose 0 = -3*u + b - 19, -b + 1 - 38 = 5*u. Let q = u - j. What is the units digit of q?
4
Suppose x + 136 = 5*x. Suppose 7*h - 5*h = -x. Let s = h - -34. What is the units digit of s?
7
Suppose -1043 + 121 = -2*k. What is the units digit of k?
1
Let a(w) = w**3 + 6*w**2 - 7*w + 1. Let v be a(-7). Let r(o) = -2*o + 2*o**2 + o - v - 4*o**2 + o**3 + 0*o**3. What is the units digit of r(3)?
5
Let h(a) = 54*a**2 + 2*a - 1. Let i be h(2). Let g = i + -128. Suppose 3*o + z - g = 0, 2*o - z + 2*z - 60 = 0. What is the units digit of o?
1
Suppose 5*c = -2*k, -5*c - 3 = k - c. Let v = k - 9. What is the tens digit of (10/(-15))/(v/114)?
1
Let o = -15 - -15. Suppose o = 7*p - 10*p + 9. What is the units digit of p?
3
Suppose 127*q = 113*q + 12670. What is the units digit of q?
5
Let w = 587 - 274. What is the units digit of w?
3
Let k(j) = -j**3 + j**2 + 10*j - 12. What is the tens digit of k(-5)?
8
Let q(w) = 3 + 0 - 9*w - 6 - w**2. Let u be q(-9). What is the units digit of u - (-12)/4 - -1?
1
Suppose 4*y - 38 = 2*y. Suppose y = -5*j - 11. Let h = 19 + j. What is the tens digit of h?
1
Suppose -2815 = -5*r - 440. What is the tens digit of r?
7
Suppose 57*g = 56*g - 10. What is the units digit of 38/(-95) + (-944)/g?
4
Let u(p) = -p**3 + 17*p**2 + 5*p - 23. Suppose 0*q + 3*q - 51 = 0. What is the units digit of u(q)?
2
Let f(u) be the second derivative of u**4/12 - 4*u**3/3 - 2*u**2 + u. Let v be f(9). Suppose 0 = o + 5*w + 3 - 14, 5*o - 55 = v*w. What is the units digit of o?
1
Let i(z) = z**3 - 2*z**2 - 5*z + 3. Suppose -10*c - 4 = -6*c. Let d = 3 - c. What is the tens digit of i(d)?
1
What is the units digit of 7 + 14/35*3365?
3
Let y(w) = w**3 - 15*w**2 + 24*w - 23. What is the units digit of y(14)?
7
Let l(k) = -3*k + 1. Let m(c) = c + 1. Let r(a) = l(a) + 2*m(a). Let t be r(2). Let p(n) = 18*n. What is the units digit of p(t)?
8
Let m(l) = 2*l - 6. Let y be m(5). Let n(d) = 2 - 2 - y*d + 5*d. What is the units digit of n(8)?
8
Let u = -8 + 13. Suppose -5*o = -5*l - 35, l = -l + u*o - 26. What is the units digit of -2 + l + 2 - -13?
0
Let m(u) = -5*u**3 + u**2 + 3*u + 1. Let l be m(-1). Suppose l*a = p + 152, -3*p = -14 + 2. What is the tens digit of a?
3
Let n(b) = -b**3 - 8*b**2 - 6*b - 55. Let z be n(-6). Let v = -73 - z. What is the units digit of v?
8
Let n = 781 + 841. What is the thousands digit of n?
1
Suppose 12*z + 66 = 3402. What is the units digit of z?
8
Let g(u) = 3*u**2 + 10*u + 10. What is the units digit of g(-12)?
2
Let x(i) = -2*i**3 - 10*i**2 + 4*i. Let y be x(-8). Suppose 0 = 63*t - 59*t - y. What is the tens digit of t?
8
Let u(z) = 2 - 3*z**2 + 6 + 5 - 30*z + 12*z. Let g be u(-9). Let b = g + 107. What is the tens digit of b?
3
What is the tens digit of ((-18)/4)/((-450)/115800)?
5
What is the units digit of (-3*467/(-12))/((-19)/(-152))?
4
Suppose -4*b + 22 =